9*f - 13. Let s(l) = 5*l + 7. Let n(c) = 4*k(c) + 7*s(c). Determine n(y).
6
Suppose 202*u + 24 = 210*u. Let i(g) = 5*g + 1. Calculate i(u).
16
Let h = -11 - -14. Suppose h*y - 31 = -d - y, y - 5 = 0. Let i be d + -9 - 2*3. Let b(w) = w**2 + 7*w + 3. Calculate b(i).
-9
Let v(k) = 19*k - 27. Let f(l) = 25*l - 27. Let p(t) = -3*f(t) + 4*v(t). What is p(13)?
-14
Suppose -4*z = -4*f - 24, 1 - 15 = -5*z - 3*f. Let w(a) = -a**3 + 5*a**2 - 3 + 17 - 12 - 8 + z*a. What is w(5)?
14
Let g be (-322)/69 + 4/6. Let i(z) = -z**2 - 5*z - 3. What is i(g)?
1
Let w(u) = -3*u**2 - 2*u + 1235 + 10*u - 3*u**2 - 1232 + u**3. What is w(4)?
3
Let d(i) be the third derivative of -i**6/120 + i**5/20 - i**4/12 + i**3/6 + 2*i**2. Let s(f) = f**3 - 2*f**2 + 2*f - 1. Let a be s(2). Give d(a).
-5
Let v(k) = -5*k + 1. Let z(f) = -13*f - 56. Let q(r) = -2*v(r) + z(r). Calculate q(-18).
-4
Suppose 124 = -4*z + 424. Let f = -70 + z. Let y(p) = -p**3 + 3*p**2 + 7*p - 3. Determine y(f).
-18
Let r be (-25)/4 - (-7)/28. Let l be ((-3)/(-4))/((-9)/(-72)). Let y(d) = -d + d**3 - 2 - 1 + l*d**2 + 0*d**3. What is y(r)?
3
Let h(g) = 2*g**3 + 50*g**2 + 5*g + 125. Let p be h(-25). Let v(m) be the second derivative of -7/20*m**5 + 6*m + p*m**4 + 1/2*m**2 + 0 + 1/3*m**3. Give v(-1).
6
Let d(c) be the first derivative of -c**5/20 + 7*c**4/12 + c**3 + 5*c**2 + 2*c + 7. Let x(u) be the first derivative of d(u). Determine x(8).
-6
Let d(j) be the third derivative of -j**4/24 - j**3/3 - 10*j**2. Suppose 4 = -6*l - 38. Calculate d(l).
5
Let y(k) = k**3 + 9*k. Let t(z) = -5*z. Let g(q) = -7*t(q) - 4*y(q). Let f(d) = d**2 + 11*d + 32. Let v be f(-8). Let a be 6/v - (-21)/(-12). Give g(a).
5
Let z(d) = 2*d - 16. Let w be z(9). Let n(j) = 0 - w*j - 31*j**2 - 2 - 32*j**2 + 64*j**2. Determine n(-4).
22
Let u(f) = 6*f + 2. Let a(z) = 5*z + 2. Let o(q) = -5*a(q) + 4*u(q). Let d be o(-7). Let b(c) = c**2 - 4*c - 1. What is b(d)?
4
Let b(w) be the first derivative of w**6/120 + 7*w**5/60 + w**4/8 - 5*w**3/6 + 10*w**2 + 42. Let v(z) be the second derivative of b(z). What is v(-6)?
13
Suppose 2*t - 2*m - 1 = -3, -4*m = -5*t - 4. Let i(s) = -s**3 - 5*s**2 + 24*s + 39. Let g be i(-8). Let p(h) = -g + h + 0*h**3 + 40 + 0*h - h**3. What is p(t)?
1
Suppose 2*r - 2*y + 26 = 0, -4*r + y + 0*y - 58 = 0. Let n = r + 3. Let i = n + 11. Let x(z) = 8*z**2 + 1. Determine x(i).
9
Let r be -6 + 32/8 + 4. Let b(n) be the third derivative of -5/6*n**3 - 7*n**r + 1/24*n**4 + 0*n + 0. Give b(4).
-1
Let i(m) = m + 3. Let x be i(-8). Let j(v) = 4 + 6*v - 3 + 12*v**2 - 11*v**2. Calculate j(x).
-4
Let a(w) = -5*w**3 - w**2 - w + 1. Let s(g) = -25*g**3 - 6*g**2 - 2*g + 6. Let d(c) = 4*a(c) - s(c). Give d(2).
42
Let a = -3 + 4. Let t(r) = 533 - 10*r - 174 - 179 - 181. Determine t(a).
-11
Let g be (-4)/26 - (-592)/(-208) - 2. Let l(a) = -2*a + 4*a + 0*a + 4. Determine l(g).
-6
Let j(i) = -i**2 + 5*i - 7. Let n = 34 + -30. Determine j(n).
-3
Let o be 1 + (-1*2 - 1). Let c(h) be the first derivative of -h**4/4 - h**3 - 2*h**2 - 3*h - 1151. Determine c(o).
1
Let g(u) = -2*u + 5. Suppose -13*x = 4*r - 11*x + 16, -r = -x + 10. Give g(r).
17
Suppose -4*m + w + 11 = 3, 0 = -2*m - w + 4. Let j(l) be the second derivative of -1/2*l**m - 7*l - 3/2*l**3 + 0. Give j(1).
-10
Let q(p) = -4*p**3 - 6*p**2 + 2*p - 3. Let b(l) = -7*l**3 - 11*l**2 + 5*l - 5. Let m be (2/(-6))/((-4)/36). Let h(y) = m*b(y) - 5*q(y). Give h(-4).
-4
Let i(s) be the second derivative of -s**5/120 - s**3/3 - 2*s. Let u(r) be the second derivative of i(r). Let c be ((-2)/(-6))/((-9)/(-135)) - 7. What is u(c)?
2
Let r be (2 + -6)/(-2) - -1. Let j(t) be the second derivative of -1/6*t**3 + t**2 + 0 + 3*t. Determine j(r).
-1
Let s(u) = 3*u + 2. Let y(i) = -i**3 - 15*i**2 + 2*i - 219. Let l be y(-16). Give s(l).
17
Suppose 0 = -d + 2*z + 10, -4*z - z - 25 = 3*d. Let h(c) = -2*c - 1 + 3*c - 3 - 2 + 1. Determine h(d).
-5
Let r(a) = -a**2 + 167965*a - 167975*a + 13 + 0*a**2. Calculate r(-10).
13
Let h be (-5)/10 - (-10)/(-4). Let u(v) = 19*v + 1. Let t(l) = 37*l + 2. Let s(m) = h*t(m) + 7*u(m). Calculate s(-1).
-21
Let a(t) = t**3 + 19*t**2 - 19*t + 12. Suppose 302*y = 243*y - 1180. Determine a(y).
-8
Let h(u) be the second derivative of u**3/6 + 7*u**2/2 - u. Let k be 0 - ((-1)/4 - 4/(-16)). Calculate h(k).
7
Suppose 2 + 4 = -2*u. Let v be ((-4)/u)/(1/3). Let x(a) = v*a - 4 - 2 + 7. Determine x(-2).
-7
Let k(l) be the third derivative of -l**6/120 + l**5/20 + l**4/8 - 451*l**2. Let g(q) = 3*q**2 + q + 1. Let y be g(-1). Calculate k(y).
9
Let o(b) be the second derivative of b**4/12 - 3*b**3/2 + b**2/2 + 249*b. Give o(7).
-13
Let q(s) = 16 - 88*s - 10 + 92*s. Give q(-7).
-22
Let u(t) = t**3 + 4*t**2 + 3*t + 2. Let w be (-3)/(-5) - (-36)/15. Suppose 0 = 2*c - w*b, -5 = c - 5*b + b. Let f be 1/3*3 - c. Give u(f).
4
Let u(h) = 3*h - 14. Let v be u(6). Let r(w) = w**2 - 3*w - 8. Let z be r(v). Let x(a) = a**2 + 3*a + 2. Calculate x(z).
6
Let j(p) = p**2 - 11*p + 26. Let h be j(6). Let t(q) = -q + 3. What is t(h)?
7
Let f be ((-4)/3)/((-10)/6 - -1). Let c be 7 + 2 + f/2 + -2. Let w(h) = -h**2 + 7*h + 2. Calculate w(c).
-6
Let f(z) be the second derivative of -z**3/3 + 4*z**2 + z - 193. Calculate f(8).
-8
Let i = -47 - -50. Let x be (1 - 6/i) + 4. Let u(h) = -3*h + 1 + h - 2. Give u(x).
-7
Let b(m) = m**2 - 8*m + 7. Let i(g) be the third derivative of g**3 + 1/10*g**5 - 3*g**2 + 0*g**4 + 0*g - 1/120*g**6 + 0. Let p be i(6). What is b(p)?
-5
Let i(l) = -l**3 + 2*l**2 + 4*l. Let c(b) = -2*b**2 - b. Let s(a) = -3*c(a) + i(a). Give s(9).
-18
Let p(j) = 2*j + 11*j + 3*j - 12*j + 11. Let a(l) = -11*l. Let b be a(1). Let m(y) = -7*y - 21. Let d(t) = b*p(t) - 6*m(t). Give d(4).
-3
Let r(o) = o**3 + 4*o**2 + o + 1. Let n be r(-4). Let z(k) = -2*k**2 - 3*k + 1. Calculate z(n).
-8
Let l(f) = -f**3 - 6*f**2 - 4*f + 5. Let y be l(-5). Suppose -5*k + 5*n - 40 = 0, y = -k - k + 5*n - 22. Let r(u) = u**3 + 5*u**2 - 7*u - 2. Determine r(k).
4
Suppose -3*v + 19 = 2*z, 2*v - 16 = 11*z - 13*z. Let h(c) = -c**2 + 7*c - 6. Determine h(v).
6
Let y(f) = 6*f**3 - f**2 - f + 1. Suppose 3 = 5*o + 2*q, -4*q - q + 21 = -o. What is y(o)?
-5
Let i(l) = -5*l - 15. Let m = -622 - -616. Calculate i(m).
15
Let g be (-4)/(-2) + -1 + 1. Let n(m) = -7*m**2 + 1 + 5 + 8*m**g - 8*m. Let t be 6 + 3*4/(-6). What is n(t)?
-10
Suppose 0 = 8*u - 3*u + 10. Let j be 8/44 + 27/33. Let o(m) = j + 4*m + 2 + 2*m - 3*m. Give o(u).
-3
Let z(y) be the third derivative of 0*y**4 + 0 - 1/120*y**6 + 3/20*y**5 + 13*y**2 + y**3 + 0*y. Determine z(9).
6
Let n(l) = -l**3 - l**2 - l + 1. Let o(s) = s**3 + 9*s**2 - 3*s - 10. Let c(a) = 2*n(a) + o(a). What is c(6)?
-2
Let o(a) = -1074*a + a**2 - 1077*a + 2144*a - 4. Give o(9).
14
Let n(k) = -7*k**3 - 2*k + 1. Suppose -3*g = 3*s - 12, 3 = 3*g + 4*s - 6. Suppose 3 + g = 2*t. Let x = 6 - t. Determine n(x).
-8
Let l(q) = -q - 2*q + 2 - q**2 + q**3 + 2*q**2. Suppose -2*y - 1 = f - 6, f = -y + 1. Calculate l(f).
-7
Let w(u) = u**2 - 8*u + 8. Let i(q) = q**2. Let b(g) = 3*g**2 - g - 2. Let z(s) = -b(s) + 2*i(s). Let j be z(2). Suppose j = x - 2*x + 6. What is w(x)?
-4
Suppose -120 = 37*h - 27*h. Let f(t) = t**2 + 11*t - 6. What is f(h)?
6
Let r(n) = 3*n + 2. Let q be r(1). Let d(v) = 2 + 0*v + 0 + 0 - q*v. Determine d(2).
-8
Let a(g) = -209*g + 212*g + 4 - 2. What is a(4)?
14
Suppose -2*l - 9 = -4*h + 1, 0 = 4*h + 4. Let a(f) = -38 - 3*f + 35 + 9. Give a(l).
27
Let i(g) = -g**3 - 3*g**2 + 3*g + 2. Let k = 9 - 14. Let t be i(k). Let h be t/(-5) + 8/20. Let r(v) = v + 10. What is r(h)?
3
Let z(s) = 3*s**3 - 9*s**2 - 5*s + 5. Let o(d) = 4*d**3 - 10*d**2 - 5*d + 6. Let j be 5*((-5)/(-10))/((-2)/(-4)). Let p(i) = j*z(i) - 4*o(i). What is p(-4)?
5
Let x = 316 + -321. Let g(p) = -p**3 - 7*p**2 - 11*p - 1. Calculate g(x).
4
Suppose -5*k - w + 25 = 0, 5*k - 3*w = -2*w + 15. Suppose -3*z - 7 = o, -19 = -5*o + 7*z - k*z. Let m(x) = -12*x + 3. Give m(o).
-21
Let g(s) = -3 + 9*s**2 + 7*s**2 - 8*s**2 - 10*s**2 + 8*s. Calculate g(6).
-27
Let v(u) be the third derivative of u**6/120 - u**5/20 + u**4/12 - u**3/2 + u**2 - 4*u. Determine v(4).
21
Let a(w) = 2*w - 6*w + 9 - 23 - 7*w + 14*w. Give a(9).
13
Let j(l) = -302 - 4*l + 172 + 141. Calculate j(9).
-25
Suppose 2*u = 4*p - 4, -5*p + 1 = 4*u - 17. Suppose -2*o - 4 - p = 0